535331 a prime number?
False
Is 124799 composite?
False
Is 1988161 prime?
False
Is 471749 a prime number?
True
Is 148573 composite?
False
Is 236083 composite?
True
Is 227947 prime?
True
Is 3737 a composite number?
True
Is 919 prime?
True
Is 33955 composite?
True
Is 31951 a prime number?
False
Is 20693 composite?
False
Is 19733 a prime number?
False
Is 31957 composite?
False
Is 14107 a composite number?
False
Is 11149 a prime number?
True
Is 150151 a composite number?
False
Is 68329 prime?
True
Is 420499 prime?
True
Is 418981 a composite number?
False
Is 2081 prime?
True
Is 26759 composite?
False
Is 94277 a prime number?
False
Is 784813 prime?
False
Is 323641 composite?
False
Is 30223 prime?
True
Is 5839 a composite number?
False
Is 152411 a composite number?
True
Is 999601 a prime number?
False
Is 581671 composite?
True
Is 936827 a prime number?
True
Is 2307 composite?
True
Is 78101 a prime number?
True
Is 585839 a prime number?
True
Is 262117 composite?
True
Is 455443 prime?
True
Is 46667 prime?
False
Is 45233 a composite number?
False
Is 1087 prime?
True
Is 2453 a prime number?
False
Is 102371 composite?
True
Is 11441497 a prime number?
True
Is 41507 prime?
True
Is 1597 composite?
False
Is 14359 prime?
False
Is 36079 a composite number?
True
Is 11957 a prime number?
False
Is 2551 composite?
False
Is 242143 prime?
False
Is 6091379 a composite number?
True
Is 118183 a prime number?
False
Is 175723 composite?
False
Is 14891 prime?
True
Is 5158 a composite number?
True
Is 472127 composite?
False
Is 1224599 composite?
False
Is 85991 prime?
True
Is 28043 prime?
False
Is 162399 a composite number?
True
Is 400639 prime?
False
Is 171961 prime?
False
Is 1126173 a prime number?
False
Is 1399 a prime number?
True
Is 1037 prime?
False
Is 3719 a composite number?
False
Is 537607 a composite number?
True
Is 227811 a prime number?
False
Is 20761 a prime number?
False
Is 719857 composite?
True
Is 10555 composite?
True
Is 423403 composite?
False
Is 218558 composite?
True
Is 2098115 prime?
False
Is 6449 prime?
True
Is 1257 composite?
True
Is 30631 prime?
True
Is 82019 composite?
True
Is 180755 composite?
True
Is 3193 a composite number?
True
Is 1559 composite?
False
Is 1135531 composite?
False
Is 3041735 prime?
False
Is 980999 composite?
False
Is 94969 a prime number?
False
Is 2371 a composite number?
False
Is 89189 a prime number?
True
Is 163109 composite?
False
Is 46489 a prime number?
True
Is 135089 a composite number?
False
Is 3049 a composite number?
False
Is 3809 prime?
False
Is 8461 a composite number?
False
Is 776329 prime?
False
Is 37441 composite?
False
Is 265453 a composite number?
True
Is 2184307 a composite number?
False
Is 47371 composite?
True
Is 63451 prime?
False
Is 109717 prime?
True
Is 7069 composite?
False
Is 24197 prime?
True
Is 34199 a prime number?
False
Is 663127 a prime number?
True
Is 195103 composite?
False
Is 81329 a composite number?
True
Is 144241 composite?
False
Is 803527 composite?
True
Is 99601 prime?
False
Is 5581 a composite number?
False
Is 4139 prime?
True
Is 140143 a prime number?
True
Is 7121 composite?
False
Is 4957 a prime number?
True
Is 4703 composite?
False
Is 3427 a composite number?
True
Is 5749 a prime number?
True
Is 185911 composite?
True
Is 803987 a composite number?
False
Is 207589 prime?
True
Is 30817 a composite number?
False
Is 145991 a prime number?
True
Is 40955 a prime number?
False
Is 43867 a composite number?
False
Is 4751 composite?
False
Is 2927 prime?
True
Is 236211 a composite number?
True
Is 16411 prime?
True
Is 22121 composite?
True
Is 215617 a prime number?
True
Is 168239 composite?
True
Is 15787 a prime number?
True
Is 857699 prime?
False
Is 1671 composite?
True
Is 79889 composite?
False
Is 756599 a composite number?
True
Is 669533 prime?
False
Is 1585 prime?
False
Is 14699 a prime number?
True
Is 30421 a prime number?
False
Is 47339 prime?
True
Is 57679 composite?
False
Is 623767 a composite number?
False
Is 181291 a composite number?
True
Is 5919 a composite number?
True
Is 2461 composite?
True
Is 7393 a composite number?
False
Is 5963 prime?
False
Is 294887 a composite number?
False
Is 2290727 composite?
False
Is 152051 composite?
True
Is 1357 composite?
True
Is 970118 a prime number?
False
Is 76301 prime?
False
Is 16543 prime?
False
Is 1517 a composite number?
True
Is 13891 a prime number?
False
Is 3991 composite?
True
Is 20869 composite?
True
Is 84026 a composite number?
True
Is 117511 prime?
True
Is 40594 a composite number?
True
Is 40087 a composite number?
False
Is 3096865 composite?
True
Is 467303 a composite number?
True
Is 130043 a composite number?
False
Is 40289 a composite number?
False
Is 13389 a composite number?
True
Is 370473 a prime number?
False
Is 745 a composite number?
True
Is 12842 composite?
True
Is 4685 a prime number?
False
Is 32027 composite?
False
Is 16795 a composite number?
True
Is 31829 prime?
False
Is 287101 prime?
False
Is 5227 prime?
True
Is 8101 prime?
True
Is 4561 composite?
False
Is 23281 composite?
True
Is 72139 prime?
True
Is 293 a composite number?
False
Is 100943 a composite number?
False
Is 2161 a composite number?
False
Is 5381 a composite number?
False
Is 103897 a composite number?
True
Is 3887749 a composite number?
False
Is 2017023 prime?
False
Is 21271 prime?
False
Is 12979 prime?
True
Is 11463 prime?
False
Is 44249 composite?
False
Is 152717 composite?
False
Is 76495 a prime number?
False
Is 749 a composite number?
True
Is 27177 a composite number?
True
Is 779863 a composite number?
True
Is 61781 prime?
True
Is 9385 a prime number?
False
Is 5951 a composite number?
True
Is 458383 a composite number?
True
Is 40801 composite?
False
Is 79451 a prime number?
True
Is 10937 a prime number?
True
Is 33457 composite?
False
Is 126443 prime?
True
Is 988541 a composite number?
False
Is 54761 a composite number?
True
Is 2356379 prime?
True
Is 2819 prime?
True
Is 38011 composite?
False
Is 1069511 composite?
True
Is 1277 a prime number?
True
Is 121763 prime?
True
Is 71159 prime?
False
Is 2929 prime?
False
Is 555371 a composite number?
True
Is 2832941 prime?
True
Is 344111 prime?
True
Is 87499 a composite number?
True
Is 195469 composite?
False
Is 5009691 composite?
True
Is 28429 a composite number?
False
Is 12797 a composite number?
True
Is 9793 composite?
True
Is 65777 composite?
False
Is 99523 a prime number?
True
Is 198457 prime?
False
Is 1217 prime?
True
Is 1291 prime?
True
Is 3641 a prime number?
False
Is 209 a prime number?
False
Is 584531 composite?
False
Is 57657 a composite number?
True
Is 17323 composite?
True
Is 53471 prime?
False
Is 183437 a composite number?
False
Is 61931 a composite number?
True
Is 16319 composite?
False
Is 30773 a prime number?
True
Is 967 a composite number?
False
Is 42887 a prime number?
False
Is 176005 a composite number?
True
Is 6641 a prime number?
False
Is 4671083 prime?
False
Is 476321 a composite number?
True
Is 125471 prime?
True
Is 8947 composite?
True
Is 283529 prime?
False
Is 6163 composite?
False
Is 234767 a composite number?
True
Is 475597 prime?
True
Is 52433 prime?
True
Is 690233 composite?
False
Is 1031 prime?
True
Is 19553 composite?
False
Is 468833 a prime number?
False
Is 18959 composite?
False
Is 32527 composite?
True
Is 4747 a composite number?
True
Is 33311 a prime number?
True
Is 226531 a prime number?
True
Is 55882 a prime number?
False
Is 1320221 prime?
False
Is 962261 a composite number?
True
Is 106109 prime?
True
Is 11599 composite?
True
Is 75367 a prime number?
True
Is 159893 composite?
True
Is 2111 prime?
True
Is 32081 prime?
False
Is 745 composite?
True
Is 873863 composite?
False
Is 1831693 a prime number?
True
Is 994861 a composite number?
True
Is 30631 composite?
False
Is 4269 a prime number?
False
Is 3791 prime?
False
Is 642281 composite?
False
Is 194263 a composite number?
False
Is 971341 prime?
False
Is 2999 a composite number?
False
Is 16331 composite?
True
Is 651173 prime?
False
Is 39781 composite?
True
Is 33247 composite?
False
Is 134077 prime?
True
Is 468453 a composite number?
True
Is 94759 prime?
False
Is 336967 prime?
False
Is 169 a composite number?
True
Is 96865 composite?
True
Is 337253 a prime number?
False
Is 5623 a composite number?
False
Is 62189 a composite number?
False
I